{"id":195,"date":"2021-05-23T18:17:34","date_gmt":"2021-05-23T18:17:34","guid":{"rendered":"http:\/\/www.mecanicadelmolde.com\/?page_id=195"},"modified":"2025-01-30T19:12:07","modified_gmt":"2025-01-30T19:12:07","slug":"quienes-somos","status":"publish","type":"page","link":"https:\/\/www.mecanicadelmolde.com\/?page_id=195","title":{"rendered":"MECANICA DEL MOLDE"},"content":{"rendered":"\n<p>Desde 1965 Mec\u00e1nica Del Molde de la mano de Antonio Solana L\u00f3pez, fundador de la empresa, lleva trabajando en la construcci\u00f3n de moldes para la fabricaci\u00f3n de calzado.<\/p>\n\n\n\n<p>A lo largo de 6 d\u00e9cadas y dos generaciones se han realizado trabajos de toda \u00edndole como prensas para vulcanizado de neum\u00e1tica e hidr\u00e1ulica, moldes para vulcanizado de pinza, de cazuela cerrados o abiertos atendiendo a las exigencias de nuestros clientes en todo momento.<\/p>\n\n\n\n<p>Nuestra localizaci\u00f3n&nbsp; en el valle del Cidacos, m\u00e1s concretamente en la ciudad de Arnedo nos ha permitido, poder dar un servicio de reparaci\u00f3n y mantenimiento a numerosas empresas de la zona, realizando reparaciones mejoras o modificaciones en todo tipo de moldes u hormas utilizadas dentro del sector, tanto de vulcanizado como de inyectado, desde el calzado de seguridad hasta la zapatilla de casa. Ofreciendo un&nbsp; trabajo r\u00e1pido y de calidad que redunde en beneficio de nuestros clientes.<\/p>\n\n\n\n<p>Nuestra especialidad es todo lo relacionado con el mundo del yute, desde el asesoramiento en el dise\u00f1o para una fabricaci\u00f3n m\u00e1s eficiente seg\u00fan el modelo que desee realizar hasta la fabricaci\u00f3n de todo tipo de herramientas y utillaje para la fabricaci\u00f3n de los pisos. Siendo nuestro punto fuerte la realizaci\u00f3n de moldes para la fabricaci\u00f3n de pisos sea cual sea su dise\u00f1o o especificaciones de fabricaci\u00f3n seg\u00fan las prensas utilizadas a tal fin.<\/p>\n\n\n\n<p>Mec\u00e1nica Del Molde es una empresa comprometida con sus clientes y respetuosa con los plazos y precios marcados en las valoraciones de los trabajos. La profesionalidad nos lleva a mantener en todo momento la confidencialidad de los dise\u00f1os que se fabrican en nuestro taller, pues solo desde el respeto y la correcta relaci\u00f3n cliente proveedor, siempre respetando la LOPD, se puede conseguir un trato cercano y a la vez diligente.<\/p>\n\n\n\n<p>Tras tantos a\u00f1os de experiencia el taller no ha dejado de evolucionar con los tiempos. Dejando atr\u00e1s la fabricaci\u00f3n manual que se realizaba a finales del siglo XX y sustituyendo esta por el sistema CAD-CAM que llevamos realizando desde inicios del siglo XXI , m\u00e1s de 20 a\u00f1os renovando software y maquinaria para poder adecuarnos a los tiempos de fabricaci\u00f3n y precisi\u00f3n que exige el mercado.<\/p>\n\n\n<div class=\"wp-block-image\">\n<figure class=\"aligncenter size-large\"><a href=\"http:\/\/www.mecanicadelmolde.com\/wp-content\/uploads\/2021\/05\/15767456Master.jpg\"><img loading=\"lazy\" decoding=\"async\" width=\"1024\" height=\"768\" src=\"http:\/\/www.mecanicadelmolde.com\/wp-content\/uploads\/2021\/05\/15767456Master-1024x768.jpg\" alt=\"\" class=\"wp-image-174\" srcset=\"https:\/\/www.mecanicadelmolde.com\/wp-content\/uploads\/2021\/05\/15767456Master-1024x768.jpg 1024w, https:\/\/www.mecanicadelmolde.com\/wp-content\/uploads\/2021\/05\/15767456Master-300x225.jpg 300w, https:\/\/www.mecanicadelmolde.com\/wp-content\/uploads\/2021\/05\/15767456Master-768x576.jpg 768w, https:\/\/www.mecanicadelmolde.com\/wp-content\/uploads\/2021\/05\/15767456Master-1536x1152.jpg 1536w, https:\/\/www.mecanicadelmolde.com\/wp-content\/uploads\/2021\/05\/15767456Master.jpg 1600w\" sizes=\"auto, (max-width: 1024px) 100vw, 1024px\" \/><\/a><\/figure>\n<\/div>\n\n\n<p><\/p>\n","protected":false},"excerpt":{"rendered":"<p>Desde 1965 Mec\u00e1nica Del Molde de la mano de Antonio Solana L\u00f3pez, fundador de la empresa, lleva trabajando en la construcci\u00f3n de moldes para la fabricaci\u00f3n de calzado. A lo largo de 6 d\u00e9cadas y dos generaciones se han realizado trabajos de toda \u00edndole como prensas para vulcanizado de neum\u00e1tica e hidr\u00e1ulica, moldes para vulcanizado &hellip; <a href=\"https:\/\/www.mecanicadelmolde.com\/?page_id=195\" class=\"more-link\">Sigue leyendo <span class=\"screen-reader-text\">MECANICA DEL MOLDE<\/span><\/a><\/p>\n","protected":false},"author":1,"featured_media":0,"parent":0,"menu_order":0,"comment_status":"closed","ping_status":"closed","template":"","meta":{"footnotes":""},"class_list":["post-195","page","type-page","status-publish","hentry"],"_links":{"self":[{"href":"https:\/\/www.mecanicadelmolde.com\/index.php?rest_route=\/wp\/v2\/pages\/195","targetHints":{"allow":["GET"]}}],"collection":[{"href":"https:\/\/www.mecanicadelmolde.com\/index.php?rest_route=\/wp\/v2\/pages"}],"about":[{"href":"https:\/\/www.mecanicadelmolde.com\/index.php?rest_route=\/wp\/v2\/types\/page"}],"author":[{"embeddable":true,"href":"https:\/\/www.mecanicadelmolde.com\/index.php?rest_route=\/wp\/v2\/users\/1"}],"replies":[{"embeddable":true,"href":"https:\/\/www.mecanicadelmolde.com\/index.php?rest_route=%2Fwp%2Fv2%2Fcomments&post=195"}],"version-history":[{"count":3,"href":"https:\/\/www.mecanicadelmolde.com\/index.php?rest_route=\/wp\/v2\/pages\/195\/revisions"}],"predecessor-version":[{"id":283,"href":"https:\/\/www.mecanicadelmolde.com\/index.php?rest_route=\/wp\/v2\/pages\/195\/revisions\/283"}],"wp:attachment":[{"href":"https:\/\/www.mecanicadelmolde.com\/index.php?rest_route=%2Fwp%2Fv2%2Fmedia&parent=195"}],"curies":[{"name":"wp","href":"https:\/\/api.w.org\/{rel}","templated":true}]}}

<p>Desde 1965 Mecánica Del Molde de la mano de Antonio Solana López, fundador de la empresa, lleva trabajando en la construcción de moldes para la fabricación de calzado.</p>



<p>A lo largo de 6 décadas y dos generaciones se han realizado trabajos de toda índole como prensas para vulcanizado de neumática e hidráulica, moldes para vulcanizado de pinza, de cazuela cerrados o abiertos atendiendo a las exigencias de nuestros clientes en todo momento.</p>



<p>Nuestra localización&nbsp; en el valle del Cidacos, más concretamente en la ciudad de Arnedo nos ha permitido, poder dar un servicio de reparación y mantenimiento a numerosas empresas de la zona, realizando reparaciones mejoras o modificaciones en todo tipo de moldes u hormas utilizadas dentro del sector, tanto de vulcanizado como de inyectado, desde el calzado de seguridad hasta la zapatilla de casa. Ofreciendo un&nbsp; trabajo rápido y de calidad que redunde en beneficio de nuestros clientes.</p>



<p>Nuestra especialidad es todo lo relacionado con el mundo del yute, desde el asesoramiento en el diseño para una fabricación más eficiente según el modelo que desee realizar hasta la fabricación de todo tipo de herramientas y utillaje para la fabricación de los pisos. Siendo nuestro punto fuerte la realización de moldes para la fabricación de pisos sea cual sea su diseño o especificaciones de fabricación según las prensas utilizadas a tal fin.</p>



<p>Mecánica Del Molde es una empresa comprometida con sus clientes y respetuosa con los plazos y precios marcados en las valoraciones de los trabajos. La profesionalidad nos lleva a mantener en todo momento la confidencialidad de los diseños que se fabrican en nuestro taller, pues solo desde el respeto y la correcta relación cliente proveedor, siempre respetando la LOPD, se puede conseguir un trato cercano y a la vez diligente.</p>



<p>Tras tantos años de experiencia el taller no ha dejado de evolucionar con los tiempos. Dejando atrás la fabricación manual que se realizaba a finales del siglo XX y sustituyendo esta por el sistema CAD-CAM que llevamos realizando desde inicios del siglo XXI , más de 20 años renovando software y maquinaria para poder adecuarnos a los tiempos de fabricación y precisión que exige el mercado.</p>


<div class="wp-block-image">
<figure class="aligncenter size-large"><a href="http://www.mecanicadelmolde.com/wp-content/uploads/2021/05/15767456Master.jpg"><img loading="lazy" decoding="async" width="1024" height="768" src="http://www.mecanicadelmolde.com/wp-content/uploads/2021/05/15767456Master-1024x768.jpg" alt="" class="wp-image-174" srcset="https://www.mecanicadelmolde.com/wp-content/uploads/2021/05/15767456Master-1024x768.jpg 1024w, https://www.mecanicadelmolde.com/wp-content/uploads/2021/05/15767456Master-300x225.jpg 300w, https://www.mecanicadelmolde.com/wp-content/uploads/2021/05/15767456Master-768x576.jpg 768w, https://www.mecanicadelmolde.com/wp-content/uploads/2021/05/15767456Master-1536x1152.jpg 1536w, https://www.mecanicadelmolde.com/wp-content/uploads/2021/05/15767456Master.jpg 1600w" sizes="auto, (max-width: 1024px) 100vw, 1024px" /></a></figure>
</div>


<p></p>

<p>Desde 1965 Mecánica Del Molde de la mano de Antonio Solana López, fundador de la empresa, lleva trabajando en la construcción de moldes para la fabricación de calzado. A lo largo de 6 décadas y dos generaciones se han realizado trabajos de toda índole como prensas para vulcanizado de neumática e hidráulica, moldes para vulcanizado &hellip; <a href="https://www.mecanicadelmolde.com/?page_id=195" class="more-link">Sigue leyendo <span class="screen-reader-text">MECANICA DEL MOLDE</span></a></p>
