{"id":113,"date":"2015-03-04T09:44:50","date_gmt":"2015-03-04T09:44:50","guid":{"rendered":"http:\/\/www.mecanicadelmolde.com\/?page_id=113"},"modified":"2021-05-23T18:06:28","modified_gmt":"2021-05-23T18:06:28","slug":"y-ademas","status":"publish","type":"page","link":"https:\/\/www.mecanicadelmolde.com\/?page_id=113","title":{"rendered":"Y ADEM\u00c1S &#8230;"},"content":{"rendered":"<ul>\n<li>Mec\u00e1nica del Molde el responsable del dise\u00f1o y realizaci\u00f3n de la famosa bota colocada en la cima de nuestro ic\u00f3nico pico de Pe\u00f1a Isasa.<\/li>\n<\/ul>\n<p style=\"text-align: center;\"><a href=\"http:\/\/\" data-wplink-url-error=\"true\"><style type=\"text\/css\">.easingslider-180 { max-width: 640px; }.easingslider-180 .easingslider-image { max-height: 400px; max-width: 640px; }.easingslider-180 .easingslider-fade-in, .easingslider-fade-out { -webkit-animation-duration: 400ms; -moz-animation-duration: 400ms; animation-duration: 400ms; }<\/style><script type=\"text\/javascript\">window.EasingSlider180 = {\"width\":640,\"height\":400,\"singleItem\":true,\"items\":1,\"itemsDesktop\":false,\"itemsDesktopSmall\":false,\"itemsTablet\":false,\"itemsTabletSmall\":false,\"itemsMobile\":false,\"responsive\":true,\"lazyLoad\":true,\"autoPlay\":4000,\"slideSpeed\":400,\"navigation\":false,\"navigationText\":[\"\",\"\"],\"pagination\":false,\"autoHeight\":false,\"mouseDrag\":false,\"touchDrag\":false,\"addClassActive\":true,\"transitionStyle\":\"fade\"};<\/script><div data-id=\"180\" class=\"easingslider easingslider-180 easingslider-container easingslider-resizing-enabled easingslider-aspect-ratio\"><div class=\"easingslider-slide\"><img decoding=\"async\" src=\"https:\/\/www.mecanicadelmolde.com\/wp-content\/plugins\/easing-slider\/assets\/images\/placeholder-pixel.png\" data-src=\"https:\/\/www.mecanicadelmolde.com\/wp-content\/uploads\/2021\/05\/15767456Master-640x400.jpg\" alt=\"\" title=\"\" class=\"easingslider-image easingslider-lazy\" \/><\/div><div class=\"easingslider-slide\"><img decoding=\"async\" src=\"https:\/\/www.mecanicadelmolde.com\/wp-content\/plugins\/easing-slider\/assets\/images\/placeholder-pixel.png\" data-src=\"https:\/\/www.mecanicadelmolde.com\/wp-content\/uploads\/2015\/03\/16-e1425462012723-640x400.jpg\" alt=\"\" title=\"\" class=\"easingslider-image easingslider-lazy\" \/><\/div><div class=\"easingslider-slide\"><img decoding=\"async\" src=\"https:\/\/www.mecanicadelmolde.com\/wp-content\/plugins\/easing-slider\/assets\/images\/placeholder-pixel.png\" data-src=\"https:\/\/www.mecanicadelmolde.com\/wp-content\/uploads\/2015\/03\/15-e1425462023292-640x400.jpg\" alt=\"\" title=\"\" class=\"easingslider-image easingslider-lazy\" \/><\/div><\/div><\/a><\/p>\n<p>\u00a0<\/p>\n<ul>\n<li>\n<p>Desarrollamos el dise\u00f1o de modelos para trofeos, homenajes a regalos especiales. Asesoramos al cliente para realizar de la forma m\u00e1s conveniente un dise\u00f1o personalizado y \u00fanico.<\/p>\n<\/li>\n<\/ul>\n<p><a href=\"http:\/\/www.mecanicadelmolde.com\/wp-content\/uploads\/2015\/03\/14.0.jpg\"><img loading=\"lazy\" decoding=\"async\" class=\"  wp-image-115 aligncenter\" src=\"http:\/\/www.mecanicadelmolde.com\/wp-content\/uploads\/2015\/03\/14.0-300x225.jpg\" alt=\"14.0\" width=\"554\" height=\"415\" srcset=\"https:\/\/www.mecanicadelmolde.com\/wp-content\/uploads\/2015\/03\/14.0-300x225.jpg 300w, https:\/\/www.mecanicadelmolde.com\/wp-content\/uploads\/2015\/03\/14.0.jpg 640w\" sizes=\"auto, (max-width: 554px) 100vw, 554px\" \/><\/a><\/p>\n<ul>\n<li>En Mec\u00e1nica del Molde realizamos todo tipo de piezas a petici\u00f3n del cliente.<\/li>\n<\/ul>\n<p><a href=\"http:\/\/www.mecanicadelmolde.com\/wp-content\/uploads\/2015\/03\/17-e1425462078599.jpg\"><img loading=\"lazy\" decoding=\"async\" class=\"  wp-image-117 aligncenter\" src=\"http:\/\/www.mecanicadelmolde.com\/wp-content\/uploads\/2015\/03\/17-e1425462078599-300x225.jpg\" alt=\"17\" width=\"551\" height=\"414\" srcset=\"https:\/\/www.mecanicadelmolde.com\/wp-content\/uploads\/2015\/03\/17-e1425462078599-300x225.jpg 300w, https:\/\/www.mecanicadelmolde.com\/wp-content\/uploads\/2015\/03\/17-e1425462078599.jpg 853w\" sizes=\"auto, (max-width: 551px) 100vw, 551px\" \/><\/a><\/p>\n<ul>\n<li><span style=\"font-size: inherit;\">Sellos a fuego y estampaci\u00f3n, fabricados en acero templado, bronce, lat\u00f3n o aluminio.<\/span><\/li>\n<\/ul>\n<p style=\"text-align: center;\"><style type=\"text\/css\">.easingslider-188 { width: 100%; }.easingslider-188 .easingslider-image { max-height: 400px; max-width: 640px; }.easingslider-188 .easingslider-fade-in, .easingslider-fade-out { -webkit-animation-duration: 400ms; -moz-animation-duration: 400ms; animation-duration: 400ms; }<\/style><script type=\"text\/javascript\">window.EasingSlider188 = {\"width\":640,\"height\":400,\"singleItem\":true,\"items\":1,\"itemsDesktop\":false,\"itemsDesktopSmall\":false,\"itemsTablet\":false,\"itemsTabletSmall\":false,\"itemsMobile\":false,\"responsive\":true,\"lazyLoad\":true,\"autoPlay\":4000,\"slideSpeed\":400,\"navigation\":false,\"navigationText\":[\"\",\"\"],\"pagination\":false,\"autoHeight\":false,\"mouseDrag\":false,\"touchDrag\":false,\"addClassActive\":true,\"transitionStyle\":\"fade\"};<\/script><div data-id=\"188\" class=\"easingslider easingslider-188 easingslider-container easingslider-full-width easingslider-resizing-enabled easingslider-aspect-ratio\"><div class=\"easingslider-slide\"><img decoding=\"async\" src=\"https:\/\/www.mecanicadelmolde.com\/wp-content\/plugins\/easing-slider\/assets\/images\/placeholder-pixel.png\" data-src=\"https:\/\/www.mecanicadelmolde.com\/wp-content\/uploads\/2021\/05\/1-e1621792505707-640x400.jpg\" alt=\"\" title=\"\" class=\"easingslider-image easingslider-lazy\" \/><\/div><div class=\"easingslider-slide\"><img decoding=\"async\" src=\"https:\/\/www.mecanicadelmolde.com\/wp-content\/plugins\/easing-slider\/assets\/images\/placeholder-pixel.png\" data-src=\"https:\/\/www.mecanicadelmolde.com\/wp-content\/uploads\/2021\/05\/2-e1621792529444-640x400.jpg\" alt=\"\" title=\"\" class=\"easingslider-image easingslider-lazy\" \/><\/div><div class=\"easingslider-slide\"><img decoding=\"async\" src=\"https:\/\/www.mecanicadelmolde.com\/wp-content\/plugins\/easing-slider\/assets\/images\/placeholder-pixel.png\" data-src=\"https:\/\/www.mecanicadelmolde.com\/wp-content\/uploads\/2021\/05\/4-rotated-640x400.jpg\" alt=\"\" title=\"\" class=\"easingslider-image easingslider-lazy\" \/><\/div><\/div><\/p>\n<p>\u00a0<\/p>\n\n\n<p><\/p>\n","protected":false},"excerpt":{"rendered":"<p>Mec\u00e1nica del Molde el responsable del dise\u00f1o y realizaci\u00f3n de la famosa bota colocada en la cima de nuestro ic\u00f3nico pico de Pe\u00f1a Isasa. \u00a0 Desarrollamos el dise\u00f1o de modelos para trofeos, homenajes a regalos especiales. Asesoramos al cliente para realizar de la forma m\u00e1s conveniente un dise\u00f1o personalizado y \u00fanico. En Mec\u00e1nica del Molde &hellip; <a href=\"https:\/\/www.mecanicadelmolde.com\/?page_id=113\" class=\"more-link\">Sigue leyendo <span class=\"screen-reader-text\">Y ADEM\u00c1S &#8230;<\/span><\/a><\/p>\n","protected":false},"author":1,"featured_media":0,"parent":0,"menu_order":0,"comment_status":"closed","ping_status":"closed","template":"","meta":{"footnotes":""},"class_list":["post-113","page","type-page","status-publish","hentry"],"_links":{"self":[{"href":"https:\/\/www.mecanicadelmolde.com\/index.php?rest_route=\/wp\/v2\/pages\/113","targetHints":{"allow":["GET"]}}],"collection":[{"href":"https:\/\/www.mecanicadelmolde.com\/index.php?rest_route=\/wp\/v2\/pages"}],"about":[{"href":"https:\/\/www.mecanicadelmolde.com\/index.php?rest_route=\/wp\/v2\/types\/page"}],"author":[{"embeddable":true,"href":"https:\/\/www.mecanicadelmolde.com\/index.php?rest_route=\/wp\/v2\/users\/1"}],"replies":[{"embeddable":true,"href":"https:\/\/www.mecanicadelmolde.com\/index.php?rest_route=%2Fwp%2Fv2%2Fcomments&post=113"}],"version-history":[{"count":14,"href":"https:\/\/www.mecanicadelmolde.com\/index.php?rest_route=\/wp\/v2\/pages\/113\/revisions"}],"predecessor-version":[{"id":192,"href":"https:\/\/www.mecanicadelmolde.com\/index.php?rest_route=\/wp\/v2\/pages\/113\/revisions\/192"}],"wp:attachment":[{"href":"https:\/\/www.mecanicadelmolde.com\/index.php?rest_route=%2Fwp%2Fv2%2Fmedia&parent=113"}],"curies":[{"name":"wp","href":"https:\/\/api.w.org\/{rel}","templated":true}]}}