{"id":105,"date":"2015-03-04T09:36:35","date_gmt":"2015-03-04T09:36:35","guid":{"rendered":"http:\/\/www.mecanicadelmolde.com\/?page_id=105"},"modified":"2021-06-05T13:42:30","modified_gmt":"2021-06-05T13:42:30","slug":"articulos-de-yute","status":"publish","type":"page","link":"https:\/\/www.mecanicadelmolde.com\/?page_id=105","title":{"rendered":"ARTICULOS PARA YUTE"},"content":{"rendered":"<p>Durante d\u00e9cadas de experiencia en el sector del yute hemos desarrollado una serie de art\u00edculos necesarios para la fabricaci\u00f3n de los pisos realizados con este material.<\/p>\n<p>Poseemos varios modelos de agujas para el cosido del yute, adapt\u00e1ndonos a las necesidades de los clientes,\u00a0 adem\u00e1s de fabricar punzones de diferentes di\u00e1metros y \u00e1ngulo de ataque, zapatillas, ganchos de extracci\u00f3n del piso vulcanizado o preformado, canilleros para m\u00e1quina de coser y por supuesto moldes de cosido adecuados a la fabricaci\u00f3n del modelo y la altura de piso deseado.<\/p>\n<p>Poseemos stock de dichos productos que pueden adquirir llamando a nuestro n\u00famero de tel\u00e9fono 941-38-29-08 o mandando un correo a <a href=\"mailto:admin@mecanicadelmolde.com\">admin@mecanicadelmolde.com.<\/a><\/p>\n<p>Al ser fabricantes de nuestros propios art\u00edculos y tener la amplia experiencia en el sector que poseemos, estamos capacitados para asesorar\u00a0 y o\u00a0 modificar dichos art\u00edculos para adecuarlos a la necesidad y particularidades de cada cliente.<\/p>\n<style type=\"text\/css\">.easingslider-251 { max-width: 640px; }.easingslider-251 .easingslider-image { max-height: 400px; max-width: 640px; }.easingslider-251 .easingslider-fade-in, .easingslider-fade-out { -webkit-animation-duration: 400ms; -moz-animation-duration: 400ms; animation-duration: 400ms; }<\/style><script type=\"text\/javascript\">window.EasingSlider251 = {\"width\":640,\"height\":400,\"singleItem\":true,\"items\":1,\"itemsDesktop\":false,\"itemsDesktopSmall\":false,\"itemsTablet\":false,\"itemsTabletSmall\":false,\"itemsMobile\":false,\"responsive\":true,\"lazyLoad\":true,\"autoPlay\":4000,\"slideSpeed\":400,\"navigation\":false,\"navigationText\":[\"\",\"\"],\"pagination\":false,\"autoHeight\":false,\"mouseDrag\":false,\"touchDrag\":false,\"addClassActive\":true,\"transitionStyle\":\"fade\"};<\/script><div data-id=\"251\" class=\"easingslider easingslider-251 easingslider-container easingslider-resizing-enabled easingslider-aspect-ratio\"><div class=\"easingslider-slide\"><img decoding=\"async\" src=\"https:\/\/www.mecanicadelmolde.com\/wp-content\/plugins\/easing-slider\/assets\/images\/placeholder-pixel.png\" data-src=\"https:\/\/www.mecanicadelmolde.com\/wp-content\/uploads\/2021\/05\/Z-scaled-640x400.jpg\" alt=\"\" title=\"\" class=\"easingslider-image easingslider-lazy\" \/><\/div><div class=\"easingslider-slide\"><img decoding=\"async\" src=\"https:\/\/www.mecanicadelmolde.com\/wp-content\/plugins\/easing-slider\/assets\/images\/placeholder-pixel.png\" data-src=\"https:\/\/www.mecanicadelmolde.com\/wp-content\/uploads\/2021\/05\/X-scaled-640x400.jpg\" alt=\"\" title=\"\" class=\"easingslider-image easingslider-lazy\" \/><\/div><div class=\"easingslider-slide\"><img decoding=\"async\" src=\"https:\/\/www.mecanicadelmolde.com\/wp-content\/plugins\/easing-slider\/assets\/images\/placeholder-pixel.png\" data-src=\"https:\/\/www.mecanicadelmolde.com\/wp-content\/uploads\/2015\/03\/11-640x400.jpg\" alt=\"\" title=\"\" class=\"easingslider-image easingslider-lazy\" \/><\/div><div class=\"easingslider-slide\"><img decoding=\"async\" src=\"https:\/\/www.mecanicadelmolde.com\/wp-content\/plugins\/easing-slider\/assets\/images\/placeholder-pixel.png\" data-src=\"https:\/\/www.mecanicadelmolde.com\/wp-content\/uploads\/2015\/03\/10-640x400.jpg\" alt=\"\" title=\"\" class=\"easingslider-image easingslider-lazy\" \/><\/div><div class=\"easingslider-slide\"><img decoding=\"async\" src=\"https:\/\/www.mecanicadelmolde.com\/wp-content\/plugins\/easing-slider\/assets\/images\/placeholder-pixel.png\" data-src=\"https:\/\/www.mecanicadelmolde.com\/wp-content\/uploads\/2021\/05\/V-scaled-640x400.jpg\" alt=\"\" title=\"\" class=\"easingslider-image easingslider-lazy\" \/><\/div><\/div>\n<p>\u00a0<\/p>\n<ul>\n<li style=\"text-align: left;\">Moldes de cosido<\/li>\n<li style=\"text-align: left;\">Agujas y punzones para cosido de yute<\/li>\n<li style=\"text-align: left;\">Canilleros<\/li>\n<li style=\"text-align: left;\">Zapatillas<\/li>\n<li style=\"text-align: left;\">Ganchos para la extracci\u00f3n de pisos de yute<\/li>\n<\/ul>\n\n\n<p><\/p>\n","protected":false},"excerpt":{"rendered":"<p>Durante d\u00e9cadas de experiencia en el sector del yute hemos desarrollado una serie de art\u00edculos necesarios para la fabricaci\u00f3n de los pisos realizados con este material. Poseemos varios modelos de agujas para el cosido del yute, adapt\u00e1ndonos a las necesidades de los clientes,\u00a0 adem\u00e1s de fabricar punzones de diferentes di\u00e1metros y \u00e1ngulo de ataque, zapatillas, &hellip; <a href=\"https:\/\/www.mecanicadelmolde.com\/?page_id=105\" class=\"more-link\">Sigue leyendo <span class=\"screen-reader-text\">ARTICULOS PARA YUTE<\/span><\/a><\/p>\n","protected":false},"author":1,"featured_media":0,"parent":0,"menu_order":0,"comment_status":"closed","ping_status":"closed","template":"","meta":{"footnotes":""},"class_list":["post-105","page","type-page","status-publish","hentry"],"_links":{"self":[{"href":"https:\/\/www.mecanicadelmolde.com\/index.php?rest_route=\/wp\/v2\/pages\/105","targetHints":{"allow":["GET"]}}],"collection":[{"href":"https:\/\/www.mecanicadelmolde.com\/index.php?rest_route=\/wp\/v2\/pages"}],"about":[{"href":"https:\/\/www.mecanicadelmolde.com\/index.php?rest_route=\/wp\/v2\/types\/page"}],"author":[{"embeddable":true,"href":"https:\/\/www.mecanicadelmolde.com\/index.php?rest_route=\/wp\/v2\/users\/1"}],"replies":[{"embeddable":true,"href":"https:\/\/www.mecanicadelmolde.com\/index.php?rest_route=%2Fwp%2Fv2%2Fcomments&post=105"}],"version-history":[{"count":5,"href":"https:\/\/www.mecanicadelmolde.com\/index.php?rest_route=\/wp\/v2\/pages\/105\/revisions"}],"predecessor-version":[{"id":254,"href":"https:\/\/www.mecanicadelmolde.com\/index.php?rest_route=\/wp\/v2\/pages\/105\/revisions\/254"}],"wp:attachment":[{"href":"https:\/\/www.mecanicadelmolde.com\/index.php?rest_route=%2Fwp%2Fv2%2Fmedia&parent=105"}],"curies":[{"name":"wp","href":"https:\/\/api.w.org\/{rel}","templated":true}]}}